 of 15 and n?
15
Let g(t) = 2*t**3 + t**2 - 3*t - 3. Let q be g(-2). Let x = q - -13. Suppose 4*f + x = -y - 9, 5*f = -4*y - 8. Calculate the highest common divisor of y and 24.
3
Let x(v) = 9*v**2 - v. Let f be x(1). Let c(h) = 2*h**2 - 6*h - 11. Let p be c(f). Let i = 111 - p. Calculate the greatest common factor of i and 28.
14
Suppose 4*g + 20 = 0, 5*b = 5*g + 5 + 70. Suppose -6*h = -h + 220. Let q be (h/(-10))/(2/b). What is the highest common divisor of q and 55?
11
Let i be -1*(-4 - -2) - 8. Let q be (22/i)/(2/(-6)). Calculate the greatest common factor of 77 and q.
11
Let n(u) = 3*u - 67. Let h be n(27). What is the highest common divisor of 112 and h?
14
Suppose 31*u = 36*u - 115. What is the highest common factor of 115 and u?
23
Let i be (-28)/(-2) + (0 - -1). Suppose 0 = -b - 2*b + n - 36, -2*n - 45 = 3*b. Let x = i - b. What is the greatest common divisor of x and 42?
14
Let y(x) = 20*x**3 - 2*x - 1. Let t be y(-1). Let d be (-3)/(-12) + t/(-4). What is the greatest common divisor of d and 5?
5
Let x be 5 + 195 + 0 + -2. What is the greatest common divisor of x and 22?
22
Let d be 1/(-2 + 165/81). Let r = 4 - 3. Suppose -j - r = -4. Calculate the greatest common factor of d and j.
3
Let q be (-2)/(-3)*1740/5. Calculate the greatest common factor of 29 and q.
29
Let k(f) = f**2 - 7*f + 2. Let q be k(7). Calculate the greatest common divisor of q and 5.
1
Let a be 45/(-12)*32/(-6). Calculate the highest common divisor of 50 and a.
10
Suppose 2*j + 4*t - 412 = 0, t + 1058 = 5*j - 3*t. Suppose r - 4*c = j, -r = -2*r - c + 195. Calculate the highest common factor of 18 and r.
18
Let i = 1 + -4. Let b(j) = -3*j**3 + 2*j**2 - j - 2. Let u be b(i). Suppose -10 = -3*y + 20. Calculate the highest common factor of u and y.
10
Let s = -60 - -84. Let p be (-1325)/(-20) + -6 - (-2)/(-8). What is the highest common divisor of p and s?
12
Let v = 29 + -19. Suppose 0 = 4*b - r - 2*r - 431, r = 3. What is the greatest common divisor of b and v?
10
Let c(z) = z**2 + 13*z + 5. Suppose -5*h = -5*p + 55, 0 = p - 5*p - 8. Let k be c(h). Calculate the greatest common factor of 35 and k.
5
Let a be 20/5 + 2*-1. Suppose 2*m - 2*s + s - 11 = 0, 4*s + 26 = a*m. What is the greatest common factor of 33 and m?
3
Suppose -z + 162 = 3*b - 0*b, -4*b + 326 = 2*z. Suppose z + 35 = 5*q. Calculate the greatest common divisor of q and 8.
8
Let j(i) = -47*i**3 + i**2 - i - 1. Let h be j(-1). Calculate the highest common factor of h and 36.
12
Let b = 186 - 114. Suppose 0*q - q + 9 = 0. Calculate the highest common factor of q and b.
9
Let a = 83 + -50. Let s be (-4)/22 - 192/a. Let f be 50/4 - (-3)/s. What is the highest common divisor of f and 8?
4
Let t be 28/6 - 4/6. Let a be t + -3 + (-250)/(-2). What is the greatest common factor of 21 and a?
21
Let n(k) = -k**2 - 11*k - 9. Let s be n(-9). What is the greatest common factor of 9 and s?
9
Let h(d) = d**3 + 7*d**2 + d + 3. Let c(b) = b**3 - b**2 - 1. Let j(z) = -2*c(z) + h(z). Let y be j(9). Calculate the greatest common factor of 98 and y.
14
Suppose -2*k + 5*h = k - 67, 27 = k + 3*h. Let w = 93 - 57. What is the highest common divisor of w and k?
12
Suppose b = 2, 4*q + 2*b - 10 - 10 = 0. Suppose -q*t + 16 = -0. Calculate the greatest common divisor of 4 and t.
4
Let o(x) = -2*x - 8. Let j be o(-10). Let b = 1 + 95. Calculate the highest common divisor of j and b.
12
Suppose 3*w - 8*w = -150. Calculate the highest common divisor of 15 and w.
15
Suppose 12*l - 90 = 7*l. Calculate the greatest common factor of l and 30.
6
Let v = -8 - -8. Suppose 2*y + 3*x - 150 = v, -2*y - x + 401 = 3*y. What is the greatest common factor of 9 and y?
9
Let j be (-24)/(-9) + 4/(-6). Let c be ((-3)/j)/(9/24). Let o(m) = -2*m**3 - 5*m**2 - 3*m - 6. Let x be o(c). Calculate the greatest common factor of x and 36.
18
Let l(g) = -g**2 + g. Let s be l(1). Let f(x) = -x + 24. Let u be f(s). Let j = 11 + 25. What is the greatest common factor of j and u?
12
Let o(i) = 7*i**2 - 8*i + 11. Let a be o(3). What is the highest common divisor of a and 20?
10
Let s(u) = -u**2 - 4*u + 1. Let p be s(-5). Let y be (-4)/p + 26 - -1. What is the greatest common divisor of y and 4?
4
Suppose 0*b - 6 = -3*b. Let m be 0/(6*3/6) + 3. What is the highest common divisor of b and m?
1
Let a(c) = c**3 + 4*c**2 - 10*c - 7. Let t be a(-6). Let o be (-2)/(-2 + t/(-10)). What is the greatest common factor of o and 40?
20
Let n = 39 + -9. Let a be 6/8 - (-135)/12. What is the highest common factor of n and a?
6
Let u(y) = -y**2 + 9*y + 3. Let i be u(8). Let q = -53 + 54. What is the greatest common factor of i and q?
1
Let p be (-6 + 4)/((-4)/18). Suppose 3*n + 1 = 4*b - 4, 4*b = 2*n + 6. Calculate the highest common factor of n and p.
1
Suppose -11*h + 8*h + 15 = 0. Suppose x = -h*d + 54, 0 = -4*x + x + 5*d + 162. Calculate the highest common factor of 6 and x.
6
Let k be (30/(-4))/((-1)/2). Let u = k - 6. What is the highest common factor of u and 81?
9
Suppose -15 = -j - 4*j. Suppose -3*f = 3*s - 93, 65 = 2*s - 2*f + 7*f. Calculate the highest common factor of s and j.
3
Let u(n) = -5*n. Let q be u(-6). Calculate the highest common divisor of q and 45.
15
Suppose -2*d + 26 = 4*i, 2*i - 1 = d - 6*d. Calculate the highest common divisor of 48 and i.
8
Let p be (-3)/(6/(-8))*5. Let n be 5/(-1 + 2)*(2 + 0). Calculate the highest common divisor of p and n.
10
Suppose -5*n = g + 6, -g = -0*g + 3*n + 2. Suppose -2*c - g*w = -10, -1 = -4*c + 4*w + 7. Calculate the highest common factor of c and 6.
3
Suppose -j + 5 = -28. Suppose j - 13 = 2*p. What is the greatest common divisor of 4 and p?
2
Let g = -2 + 4. Let f(p) = 2*p - 1 + 2 + g*p + 1. Let a be f(2). Calculate the highest common divisor of 40 and a.
10
Let a = 66 + -48. What is the greatest common divisor of 6 and a?
6
Let i = -12 + 26. What is the highest common factor of 7 and i?
7
Suppose -j + 16 = -9. Suppose 3*l - 2*l - 5 = 0. Let p be l/(-1)*(1 + -2). What is the greatest common factor of p and j?
5
Suppose -2*u + 904 = 3*u + k, 708 = 4*u - 3*k. What is the highest common divisor of 45 and u?
45
Let p = 7 - 1. Calculate the greatest common factor of p and 42.
6
Let l(q) = q + 3. Let a be l(-3). Suppose -r + 7 = -2*t, 4*t - 4 = -a. Calculate the highest common factor of 63 and r.
9
Let k = -2 + 26. Let d = 0 + 12. Calculate the highest common divisor of d and k.
12
Let r = -23 - -57. Calculate the highest common factor of 306 and r.
34
Suppose -8 = -q - 3*m, -8 + 10 = q + 5*m. Let g(s) = 21*s - 7. Let v be g(6). What is the highest common factor of v and q?
17
Let w = 0 - -1. Let c be (w/(-3))/((-7)/147). Suppose -4*k = 3 - 31. Calculate the greatest common divisor of k and c.
7
Let x(f) = -26*f - 12. Let b be x(-6). Calculate the greatest common divisor of b and 18.
18
Let r = -3 - 0. Let c(x) = -x - 17. Let w(v) = -v - 11. Let k(o) = -5*c(o) + 8*w(o). Let i be k(r). What is the greatest common factor of i and 36?
6
Suppose 9 = 2*x - 31. What is the greatest common divisor of x and 12?
4
Suppose -q - 3 = -9. Let y = -1 + -1. Let i = q - y. Calculate the greatest common factor of i and 20.
4
Let l be 15/(-4)*(-54 - -6). What is the highest common divisor of l and 36?
36
Suppose -4*w + 14 = -94. What is the greatest common factor of w and 216?
27
Suppose 0 = -29*x + 25*x + 168. Calculate the highest common factor of 378 and x.
42
Let r(q) = -q**3 + 10*q**2 + 11*q + 16. Let h be r(11). Calculate the highest common factor of h and 96.
16
Let a be (-1 - -55)*(-6)/(-9). Let t = -262 - -442. Suppose -18*p + t = -16*p. Calculate the highest common factor of a and p.
18
Suppose 0 = -15*m + 5924 - 1469. Calculate the highest common divisor of 27 and m.
27
Suppose 5*g + 159 = 4*c, 5*c - 4*g = 135 + 66. Calculate the highest common divisor of 123 and c.
41
Suppose -5*f + 0*f = -35. Suppose 2*r - 14 = -12. What is the greatest common divisor of f and r?
1
Suppose 0 = -2*n - 3*h - 0*h + 33, 2*h + 38 = 2*n. Suppose 4*z - 24 = -0. Let q = 0 + z. What is the highest common divisor of n and q?
6
Suppose 2*y + 2*y + 5*b + 17 = 0, y = -b - 3. Calculate the greatest common divisor of 5 and y.
1
Let q(s) = -s**3 - 10*s**2 - 9*s + 9. Let x be q(-9). What is the highest common factor of x and 99?
9
Let j(p) = -p**2 + 14*p + 6. L